9
What is the highest common factor of 7294570 and 3270?
10
What is the highest common divisor of 47710432 and 146234?
6358
Calculate the highest common factor of 28 and 174568744.
28
What is the greatest common factor of 4685659 and 7667?
187
Calculate the highest common divisor of 11575121 and 4020.
67
Calculate the highest common divisor of 8796 and 21463706.
1466
What is the highest common factor of 18717728 and 2236?
172
What is the greatest common factor of 35 and 6141940?
35
What is the highest common factor of 2223 and 112743?
9
Calculate the greatest common divisor of 47085623 and 897.
299
What is the greatest common divisor of 26243 and 142048?
23
What is the highest common divisor of 1456 and 131757584?
112
Calculate the greatest common divisor of 4599018 and 22842.
486
Calculate the highest common factor of 160 and 26419565.
5
What is the highest common factor of 444448 and 1816096?
608
What is the highest common divisor of 1496 and 8784864?
88
What is the highest common factor of 736 and 398224760?
184
What is the highest common divisor of 27203328 and 4896?
288
What is the highest common divisor of 226926672 and 14103?
4701
Calculate the highest common divisor of 24669 and 166113.
9
What is the highest common divisor of 3130 and 301517282?
626
Calculate the greatest common factor of 71815898 and 77.
77
Calculate the greatest common factor of 56508 and 13532.
68
Calculate the highest common divisor of 127072 and 169290.
418
What is the greatest common factor of 5186 and 24252329?
2593
What is the highest common factor of 93946 and 154528?
878
Calculate the greatest common factor of 7754900 and 300.
100
What is the highest common divisor of 3607593 and 1551?
33
What is the highest common factor of 10964952 and 1809?
603
Calculate the greatest common factor of 44 and 65264419.
11
Calculate the highest common factor of 9063444 and 1209.
39
Calculate the highest common factor of 696 and 620513.
29
What is the highest common factor of 5822 and 433698?
82
What is the highest common factor of 45 and 974587965?
15
What is the highest common divisor of 2090 and 8582794?
418
What is the greatest common factor of 26768 and 36851171?
1673
What is the greatest common divisor of 2597145 and 1920?
15
What is the highest common divisor of 53003681 and 1607?
1607
Calculate the highest common divisor of 5174 and 651026311.
2587
What is the greatest common factor of 3275218 and 438?
146
What is the highest common factor of 690 and 7577090?
10
What is the greatest common factor of 29270103 and 505?
101
What is the highest common divisor of 10961 and 58421?
113
Calculate the greatest common divisor of 15563 and 56643.
79
Calculate the highest common factor of 686 and 33407024.
98
What is the greatest common divisor of 1144 and 257764?
52
What is the greatest common divisor of 1172444 and 65884?
364
Calculate the greatest common divisor of 113715 and 588240.
855
Calculate the greatest common divisor of 6154 and 200414241.
3077
What is the greatest common factor of 195552 and 86226?
42
What is the greatest common divisor of 65162 and 23122?
2102
Calculate the highest common divisor of 22334 and 1353924.
26
Calculate the greatest common factor of 222 and 92186758.
74
What is the highest common divisor of 100 and 53503180?
20
Calculate the highest common factor of 23010 and 122460.
390
What is the highest common factor of 1802 and 604730?
106
What is the highest common factor of 4394 and 1525550?
26
What is the highest common divisor of 697032 and 6102?
54
Calculate the highest common factor of 2937 and 19550630.
979
Calculate the greatest common factor of 450 and 754070.
10
What is the greatest common divisor of 505 and 11896285?
505
Calculate the greatest common divisor of 3227 and 146188.
7
What is the highest common factor of 27600 and 152717700?
6900
Calculate the greatest common divisor of 11696 and 1777018.
86
Calculate the highest common factor of 24 and 29318190.
6
Calculate the highest common factor of 969148 and 1606.
146
What is the highest common divisor of 227 and 1849823?
227
What is the greatest common divisor of 204 and 6144108?
12
What is the greatest common factor of 6 and 825712932?
6
What is the highest common divisor of 693747 and 2868299?
4057
What is the highest common divisor of 70339120 and 880?
80
Calculate the highest common factor of 382926 and 6384.
114
What is the greatest common divisor of 7889917 and 4551?
1517
What is the greatest common divisor of 5430 and 276420?
30
Calculate the greatest common divisor of 27635636 and 98.
14
Calculate the highest common divisor of 491 and 51919813.
491
What is the highest common factor of 4395 and 85579440?
4395
What is the highest common divisor of 3022332 and 1812?
12
What is the greatest common factor of 2830757 and 148491?
2357
What is the highest common divisor of 5289 and 37668?
129
What is the greatest common divisor of 98910660 and 170?
10
What is the greatest common factor of 44133 and 18698997?
141
What is the greatest common divisor of 840 and 3199728?
168
Calculate the greatest common divisor of 8083 and 2290229.
137
Calculate the greatest common factor of 623601 and 9207.
99
Calculate the greatest common divisor of 18516666 and 3444.
1722
What is the greatest common divisor of 1845 and 15528258?
369
What is the highest common factor of 38161260 and 40?
20
Calculate the greatest common factor of 744 and 958737.
93
What is the greatest common factor of 1216 and 2060672?
64
Calculate the greatest common factor of 60697 and 6769035.
2639
Calculate the highest common divisor of 2855149 and 1661.
11
Calculate the highest common divisor of 290619 and 358533.
441
Calculate the highest common factor of 4837495 and 28405.
1235
Calculate the greatest common factor of 77248 and 283645.
1207
What is the highest common factor of 23162364 and 1224?
612
Calculate the greatest common factor of 10810165 and 3880.
485
What is the highest common factor of 18 and 205366680?
18
What is the greatest common divisor of 3330 and 2628258?
222
Calculate the greatest common divisor of 2115 and 732730.
235
Calculate the highest common divisor of 153380 and 48424.
4
Calculate the greatest common divisor of 5309184 and 62.
62
Calculate the greatest common divisor of 94436975 and 175.
25
Calculate the highest common divisor of 186697 and 52746.
149
Calculate the highest common divisor of 933201 and 167157.
1107
What is the highest common divisor of 512973 and 265113?
243
What is the highest common divisor of 11076443 and 3668?
917
What is the greatest common factor of 46865 and 17156195?
3605
Calculate the greatest common divisor of 259175666 and 596.
298
Calculate the highest common divisor of 154 and 88762646.
14
Calculate the greatest common divisor of 260325792 and 162.
54
Calculate the highest common divisor of 77 and 9457910.
77
What is the highest common divisor of 6 and 4031704?
2
What is the greatest common factor of 3539218 and 3073?
439
What is the greatest common divisor of 13342953 and 3231?
1077
Calculate the highest common divisor of 285 and 3966383.
19
Calculate the highest common divisor of 744848 and 24960.
208
What is the greatest common divisor of 93350 and 4850?
50
Calculate the greatest common factor of 9493 and 1001080.
863
Calculate the greatest common divisor of 78628143 and 143.
11
What is the greatest common divisor of 17935095 and 2985?
15
Calculate the highest common factor of 6055 and 210280.
35
Calculate the greatest common factor of 20735 and 8054605.
1885
Calculate the highest common divisor of 2162925 and 25.
25
Calculate the highest common factor of 6799 and 77545.
13
Calculate the greatest common divisor of 1204 and 21708464.
172
What is the greatest common factor of 3 and 91222568?
1
Calculate the highest common factor of 1038820 and 785.
5
Calculate the greatest common divisor of 36515 and 688880.
545
Calculate the greatest common divisor of 9 and 151468470.
9
What is the greatest common factor of 464354946 and 2394?
342
What is the greatest common factor of 21183 and 47863?
23
What is the highest common divisor of 1789997195 and 23?
23
Calculate the greatest common factor of 979300 and 260.
20
Calculate the greatest common factor of 7239727 and 10593.
1177
What 